) = -7 + 1 - 13 - d. Let y be r(-7). Let n = 0 - y. What is the tens digit of n?
1
Suppose -5*a + p - 164 = -3*p, -a - 30 = 2*p. Let u = a - -102. What is the tens digit of u?
7
Let q(n) = -n**3 + 6*n**2 + 4*n. Suppose -5 = 2*m - 3*m. Let i be q(m). Let b = 28 + i. What is the units digit of b?
3
Let n = -148 + 438. Suppose d - 6*d = -n. What is the units digit of d?
8
Suppose -3*g + 5 = -2*g - 4*m, -g = 4*m - 45. Let i = 77 - g. What is the tens digit of i?
5
Let p = 20 - 41. Let r = p + 40. What is the tens digit of r?
1
Let b(a) = -3*a**2 - 6*a + 5. Let p(r) = 8*r**2 + 17*r - 14. Let g(m) = -11*b(m) - 4*p(m). What is the tens digit of g(5)?
1
Let s(n) = 9*n**2 + 4*n - 15. What is the tens digit of s(-4)?
1
Suppose -8*i + 837 = -7*i + 4*q, 2*q = -i + 841. What is the tens digit of i?
4
Let v = 4602 - 2304. What is the thousands digit of v?
2
Let r be 4 - (-3)/(3/(-2)). Suppose 4*i - 2*s = 8, 0 = 4*i - 3*s - 0*s - 8. Suppose 0 = i*k - 6, -v - 88 = -3*v - r*k. What is the units digit of v?
1
Let a(g) = -6*g - 7. Let o be (5/25)/((-3)/(-15)). Suppose h = -o - 5. What is the units digit of a(h)?
9
What is the thousands digit of (-220)/(-28) + -8 - 42352/(-14)?
3
Suppose -w = 4*r + 10, 3*w + 46 = r + 3*r. What is the tens digit of (-974)/(-14) + (-6)/w?
7
Let v = -109 + 113. Suppose -2*s = -2*m - 360, 0*s - v*m = s - 170. What is the hundreds digit of s?
1
Suppose -1300 - 740 = -5*r. What is the units digit of r?
8
Suppose -3*w - 5*p = -p - 4469, 3002 = 2*w - 3*p. What is the units digit of w?
5
Let d = -154 - -327. What is the units digit of d?
3
Let k = -363 - -188. Let o = -66 - k. What is the units digit of o?
9
Let g = -39 - -312. What is the units digit of g?
3
Let d = 476 - 223. What is the units digit of d?
3
Suppose -16 = -n + 8. Let x = n - 11. What is the units digit of x?
3
What is the tens digit of 4/(6/(-3)) + -6 + 731?
2
Suppose -3*w - 4*s + 2243 + 3458 = 0, -w + 1907 = 3*s. What is the tens digit of w?
9
What is the tens digit of (3 - 19)/4*-1*5?
2
Let f(w) = w**3 - 3*w**2 - 4*w - 3. Let r be f(4). Let h(u) = 11*u**2 + 6*u + 16. What is the units digit of h(r)?
7
Suppose -383 = -2*t + 5*g, 6*t - 2*t + 2*g = 802. What is the tens digit of t?
9
Let w(c) be the third derivative of -c**6/40 + c**5/60 + c**4/8 + c**3/6 - 8*c**2. What is the units digit of w(-2)?
3
Let t be (1 - 12/4) + 4. Let o(l) = 3 - 50*l + 9*l**t + 50*l + l**3. What is the units digit of o(-9)?
3
What is the tens digit of (-15868)/(-7) - (-135)/945?
6
Let t(u) = u + 7. Let o be t(-5). Suppose -3*a + 9 = 0, 3*l + 5*a = o*a + 84. Suppose -2*i + 35 = 5*z, -l = -5*z - i - 3*i. What is the units digit of z?
9
Let u = 596 + -496. What is the hundreds digit of u?
1
Let f = 48 - 43. Suppose f*m = 3*w + 164, 0*w + 5*w = 3*m - 108. What is the tens digit of m?
3
What is the tens digit of (4*453/(-15))/(3/(-15))?
0
Let t(p) = 210*p**2 - 3*p - 1. Let q be t(-1). Suppose 2635 + q = 13*d. What is the hundreds digit of d?
2
Let r be (120/(-25))/((-9)/30). Suppose -18*k + r*k + 40 = 0. What is the tens digit of 15*k/12 - 0?
2
Let h(u) = 10*u**2 - 28. What is the units digit of h(6)?
2
Suppose 5*i - 1026 = 99. Suppose -4*h - 3*b = -i, 0 = 3*h - 2*b + 6 - 179. What is the tens digit of h?
5
Let n = -1121 + 2074. What is the units digit of n?
3
Suppose -n + 3 = -3*m + n, -5*m = 5*n - 20. Let u(t) = 5*t**2 + 2*t - 1. What is the units digit of u(m)?
6
Let c be (-2)/3 + 232/24. What is the tens digit of (-440)/(-30)*c/2?
6
Suppose -5*f = -7*f + 4. Suppose -d - 107 = -3*t, -25 = -f*t - 2*d + 41. What is the tens digit of t?
3
Let m(a) = 2*a**2 + 8*a + 18. What is the hundreds digit of m(-14)?
2
Let q = 90 + -11. What is the tens digit of q?
7
Let l = -2997 - -6224. What is the tens digit of l?
2
Let q(y) = -y**3 - 25*y**2 + 10. Let k be q(-25). Suppose 0 = -6*o + k + 50. What is the units digit of o?
0
Suppose -46*g - 3735 = -55*g. What is the units digit of g?
5
Let o be (-1668)/72 + (-1)/(-6). Let h = o - -30. What is the units digit of h?
7
Suppose 5*y + 2*u - 1 = 3, 0 = y + 3*u - 6. Suppose y = 4*o - o - 75. What is the tens digit of o?
2
Suppose -3*o - 5*u + 18 = -2*u, 0 = 4*o - 2*u. Suppose o*y - 4*y = 0. Suppose -4*g = -16, y*s + s - 3*g = 56. What is the units digit of s?
8
Suppose 0 = -m - m - i - 1, 5*m - i = 15. Suppose 0 = m*h + 3*q - 4*q - 359, 538 = 3*h - 2*q. What is the tens digit of h?
8
Suppose 0 = b - 0*b - 2. Suppose -b*x - 3*x = -245. Suppose x = 5*w - 91. What is the units digit of w?
8
Let o(z) = -2*z**3 + 3*z**2 + 4*z - 3. Let t be o(3). What is the units digit of 1159/13 - t/(-117)?
9
Let x(c) = -13*c**2 + 1115. What is the tens digit of x(0)?
1
What is the tens digit of (94/10)/((-16)/(-3751 - 9))?
0
Suppose 5*u - 2*k + 4*k = 112, 0 = -3*u + k + 76. Suppose 7*i - u = 6*i. What is the units digit of i?
4
Suppose 0 = 5*i + 2 + 63. Let j = -5 - i. Suppose 13*d - 170 = j*d. What is the tens digit of d?
3
Suppose -2*y - 12 = -6*y. Let z(t) = -t - y + 3*t - t + 10*t. What is the units digit of z(3)?
0
Let h(s) = 25*s + 800. What is the tens digit of h(17)?
2
Let n(i) = 2*i**2 + 3*i - 12. Let s be n(5). Suppose 0 = 5*y + 2*j - 5*j + 175, -5*y - 2*j = 150. Let v = y + s. What is the tens digit of v?
2
Let p(r) = -24*r**3 + r + 1. Let u(y) = y**2 + 9*y - 11. Let z be u(-10). Let v be p(z). Suppose v = 7*m - 5*m. What is the tens digit of m?
1
Let w(m) be the first derivative of m**3/3 + 2*m**2 + 4*m - 10. What is the units digit of w(5)?
9
Let d be (-12)/66 - 172/22. Let x(n) = n**2 + 9*n + 9. Let w be x(d). Suppose -2*g + 10 = -5*q, g = q + w + 4. What is the units digit of g?
5
What is the units digit of 115921/148 - (6/(-8))/1?
4
Let h = -18 + 16. What is the tens digit of (140/h + -1)*(-1 - 0)?
7
Let p(r) = -2*r + 14. Let j be p(6). Suppose -j*g = -2*t + 162, -5*g - 264 = -4*t + 55. What is the tens digit of t?
8
Suppose 2*l = -l - 6. Let q be 3 - 2 - l - -53. Suppose 0 = -2*g + 4*g - q. What is the units digit of g?
8
Let r = 7 + -5. Suppose 8*u + 524 = 4*u + 4*d, -664 = 5*u - 2*d. What is the units digit of r/(u/34 - -4)?
4
Let w = 1987 - 1263. What is the hundreds digit of w?
7
Suppose 2*c + 3*z + 2*z = 187, -4*c = 4*z - 356. What is the units digit of c?
6
Let x(v) = -v**2 - 24*v - 38. Let l = -78 + 66. What is the units digit of x(l)?
6
What is the hundreds digit of (-250840)/(-220) + 2/33*-3?
1
Let y(t) = 459*t + 18. What is the tens digit of y(2)?
3
Let m(h) = h**2 + 26*h + 47. Let x be m(-24). Suppose 0 = -q - 4*t - 15, 2*q - 9 = 4*q + t. What is the units digit of (96/q + 3)/x?
9
What is the tens digit of 83/((-385)/49 - -8)?
8
Suppose 0 = 3*v - 2*v - 112. Let a = 254 - v. What is the units digit of a?
2
Suppose 7*o + 1380 = 302. Let d = 282 + o. What is the units digit of d?
8
Suppose 2*m - m = 16. Let s = 12 - m. Let z(p) = p + 5. What is the units digit of z(s)?
1
Let k(l) = 0 - 3 - 4*l**3 - l - l**2 - l + 3*l**3. Let b be k(-2). Suppose -4*p = -4*s - 156, -b*p + 2*p - 3*s = -111. What is the units digit of p?
8
Let z(l) = -137*l**3 + 4*l**2 + 2*l + 4. What is the tens digit of z(-2)?
1
Let i(d) = -d**2 + 15*d - 2. Suppose 3*s = -2*s + n + 37, 52 = 5*s + 4*n. Let f be i(s). What is the tens digit of (-1)/((-2)/(f/1))?
2
Let r(z) = 5*z**2 + z + 10. Let n be r(7). What is the tens digit of (-2)/(-6) + n/6?
4
Let p(x) = x**2 - 7*x - 2. Let v(h) = h**2 - 7*h - 2. Let b(c) = 4*p(c) - 5*v(c). Let k be b(5). Let m = k + 8. What is the units digit of m?
0
Suppose -2*u + 0*u = -302. Suppose 2*k + 108 = 4*o, 12 = k - 4*k. Suppose 5*m - o = 0, 0 = 3*y + 2*m + 63 - u. What is the tens digit of y?
2
Let m be 1*-4*3/(-6). Let x be m/((8/4)/2). Suppose 3*d + x*z - 75 = 6*z, -4*d + 4*z = -96. What is the units digit of d?
1
What is the thousands digit of (-20)/12*(-16755)/25?
1
Suppose -c = -3*p + 1, 3*c + 5*p - 5 - 6 = 0. Suppose -3*v = c*k - 131, -4 = -5*k + 4*k. What is the units digit of v?
1
Let v = 5 - 6. Let s be (22 - v) + (-9)/3. Let h = s + -12. What is the units digit of h?
8
Let s be 1 + ((-2)/(-2))/(1 - 0). Suppose -2*z = -g - 3*z + 148, s*g = 5*z + 268. What is the units digit of g?
4
Suppose -2*l + 379 = -3*w - 766, -2294 = -4*l + 2*w. What is the hundreds digit of l?
5
Let i(z) = -120*z**3 + 11*z + 19. What is the hundreds digit of i(-2)?
9
Let i = 